 - 564 - (-13 + 0).
0
What is 5 - 3 - (3 - 10 - -14)?
-5
7 + 0 + 216 + -218 + (7 - -1)
13
What is 3 + -5 + 6 + (-11 - -9) + -6?
-4
(-14 + 26 - 17) + 0
-5
What is (0 - ((-10 - -3) + -3)) + -13?
-3
What is the value of 23 + (2 - 1) + (-29 + 0 - -21)?
16
Calculate 18 + (-22 - (17 + -39)).
18
(1 - (2 + -12)) + -14 + 18
15
What is 8 - (2 - 6 - 3 - -18)?
-3
What is -484 + 533 - (1 + 23)?
25
What is the value of 5 + (6 - 3 - (8 - (-8 - -17)))?
9
Evaluate 1 - ((-29 - -49) + (-8 - 1)).
-10
(-1 - -22) + 808 + -822
7
Calculate -32 + (40 - 6) - (-6 + -1).
9
What is the value of 9 + (-22 - 1) + 6?
-8
What is the value of -1 + -6 - (6 + (-45 - -25))?
7
Calculate (1 - (-8 + 20)) + 23.
12
Evaluate -10 - (-3 - -10) - -23.
6
Evaluate 47 - 57 - (-3 + (19 - 3 - -3)).
-26
5 - ((-16 - -4 - -7) + 0)
10
What is 26 + -5 - -4 - (-21 - -32)?
14
Calculate 20 + (-12 - (-2 + 15)).
-5
Evaluate -11 + 9 - -13 - (44 + 0).
-33
What is the value of (0 + 6 - 9) + 9 + 4?
10
Calculate 8 + (2 - (-17 + 9)) + -3.
15
What is the value of -4 + (3 - 6) + 13 - (1 + 7)?
-2
What is 12 - (12 - -1) - (1 + -3)?
1
Evaluate 54 + -43 + 4 + 0 - (0 - -6).
9
(-8 - (8 + -17)) + -8
-7
Calculate -19 + 3 - (-36 - (-51 + 31)).
0
What is the value of 1 + 1 - -11 - (-10 + 15 + -10)?
18
Evaluate -70 - (-11 - 55) - (0 + -1 + -24).
21
What is 6 + 3 + 1 + 17 + -3?
24
What is (-2 - -1 - 2) + (13 - -9 - 12)?
7
-9 + (17 - 28) + 1 + 3 + 14
-2
What is (1 + 2 - -2) + (-24 - -17) - 4?
-6
Calculate (-34 - -1) + 1568 + -1565.
-30
Evaluate -29 + -12 + (-11 - -5) + 29.
-18
Evaluate (-11 - -46) + -16 - 9.
10
Calculate -16 - (-18 - -11 - (-4 + -1)).
-14
What is the value of 3 + -4 + (8 - (2 + (-7 - -5)))?
7
Calculate 24 + (2 - (7 - (1 - (-9 + 11)))).
18
What is -184 - -196 - (-2 - (-2 + 1))?
13
What is (10 - 7 - (-8 + 2 + -2)) + 3?
14
What is (-18 - -10) + 3 + (15 - -4)?
14
Evaluate (-1 - 0 - (-3 - -4)) + -137 + 148.
9
What is 9 + (-1 - -12 - (52 + -46))?
14
Evaluate (96 - 125) + -1 + 0 + -2 + 3.
-29
Evaluate -7 - (0 - 10) - (10 + 0).
-7
Evaluate 19 + -17 - (26 + 4).
-28
What is -10 - -32 - 20 - (-8 + 2)?
8
-36 - (7 + -7 + (-9 - -5) + 2)
-34
Calculate 8 - 11 - (2 - (6 - 0)).
1
13 + (-19 + -7 - (5 + -10))
-8
8 - 8 - -3 - (-4 + -5)
12
What is ((-12 - -1) + 4 - -2) + (-1 - 4)?
-10
What is the value of -3 - (-1 + 20 - (199 - 199))?
-22
-17 + (6 - -4) + 0 - -1
-6
What is 16 + -1 - (10 + (-2 - 9) + 5)?
11
What is the value of (-46 - (6 - 15)) + 4 - -9?
-24
What is the value of 6 - 13 - (-3 - 2 - 15)?
13
Evaluate (60 - 52) + -14 + 2 - 13.
-17
What is -181 + 191 - (-2 + 19)?
-7
Calculate -4 + 14 + -6 - (-1 + 5).
0
What is the value of 4 - 7 - (-12 + -4)?
13
What is the value of (-10 - 1) + 56 + 33 + -78?
0
Evaluate 0 + -6 + (35 - -12) + -15.
26
Calculate -1 - -29 - (530 - 495).
-7
Calculate (-88 - -86) + (0 - -9).
7
Evaluate (-7 - (-11 - -4)) + 2 + 3.
5
What is -8 + (7 - -19 - 5)?
13
-3 + 28 - (18 - -4)
3
Evaluate 8 - (1 - -1) - (-94 - -13 - -72).
15
4 + 10 + -27 + 9 + -1
-5
What is (10 - (3 - 7)) + -18 + -6?
-10
Evaluate 23 + (0 + 6 + -26 - -18).
21
What is -1 + -5 - 21 - (5 + -15)?
-17
What is 74 + -58 + 18 + -6?
28
1 + (-18 + (-11 - -18) - -28) + -10
8
Calculate 4 + (1 - (16 + -1) - 13).
-23
Calculate -4 - (-12 + 2 + 0) - (-8 - -2).
12
What is 26 - 51 - (-4 - 3) - (5 + -3)?
-20
Calculate -23 + (21 - -7 - -7).
12
Calculate (-1 - 4) + (0 - -1) + 151 + -141.
6
What is the value of 2 + 3 + 7 + -11 + 11?
12
What is (-18 + 3 - -8) + -8 - (2 - 7)?
-10
Calculate -1 + -22 - (111 + -133).
-1
What is 47 + -49 + 15 - (2 + -1 - -7)?
5
Calculate 5 - (-11 + 3 + 7 - 9).
15
Calculate -7 - ((-22 - 9) + -1).
25
Evaluate 12 + 11 + -20 + 2 - -3 - -8.
16
Evaluate (-3 - -14) + (-22 - -29).
18
Evaluate -12 + (10 - 6) + -6 + 24.
10
Calculate (-42 - -64) + 2 + -9.
15
What is the value of -15 - -1 - (13 + (9 - 32))?
-4
-24 + (-1 + 13 - 13)
-25
1 + -2 + 20 + 1 + -7 - -9
22
-1 - (-18 + 6 + 2)
9
Calculate -4 + (3 + -4 + 0 - (30 + -33)).
-2
What is the value of 8 - (5 + 4) - ((-4 - -10) + 15)?
-22
Evaluate -4 + (1 - ((7 - -2) + -1) - -7).
-4
What is -1 - (-12 - (7 + -6))?
12
Evaluate 6 - 23 - -20 - (13 + (4 - 2)).
-12
What is -5 + (-29 - (-26 + -24))?
16
17 + -8 + 6 + -17 + 7 + -12
-7
-1 - (-18 - (-9 + 9 - 10)) - 32
-25
What is the value of 12 + 18 - 18 - (-12 + -1)?
25
-25 + 8 + 16 - 3
-4
Calculate 17 - (9 - (-5 - -9)).
12
(8 + -10 + 12 - 5) + 2
7
Calculate 40 - 16 - 22 - 9.
-7
Evaluate (4 - 13 - (-7 + -5)) + -17.
-14
What is the value of (1 - (-6 - -1)) + -4513 + 4493?
-14
-7 + (-9 - 3) + 7
-12
Calculate -6 + 4 - 1 - (2 + (2 - 0)).
-7
Evaluate 1 - 19 - (43 - 64).
3
What is the value of 15 - (-3 + 48 + 93 + -90)?
-33
What is the value of (-37 - -9) + (121 - 69)?
24
Calculate (2 - (25 - 19)) + -4 - (-1 + 11).
-18
What is the value of 2 - -19 - (20 + -22) - 4 - 1?
18
What is (1 - -14) + 41 + -45 + 70 + -49?
32
-19 - ((-17 - 0) + 15)
-17
What is -1 + 6 + (158 - 148)?
15
-65 + 121 + -29 + 1
28
What is 1 - 4 - (9 - (25 - (-16 - -28)))?
1
Calculate -1 + -41 - (8 + 10 + -35 + 5).
-30
What is (-9 - 6) + -135 + 156?
6
Calculate (8 - 8 - -7) + -7 - 5.
-5
-8 + (-1 - (0 - 3 - -1) - 4)
-11
Evaluate -7 + (76 - 74) + (0 - 29) + 7.
-27
What is 6 - (16 + -31 + -6)?
27
Evaluate (-4 + 22 - 14) + -1 + -1.
2
What is the value of 9 + (2 - -10) + (13 - 18) + 5?
21
Evaluate -12 + (-5 + (0 - 8) - -4 - -18).
-3
What is the value of -17 + 4 + 19 - (4 - -2 - -1)?
-1
Evaluate -104 + 104 - (1 - 8) - 7.
0
Calculate -8 - (-8 + 5 + (-13 - -3) + 11).
-6
-1 + -13 + (-2 - -16)
0
(1 - -23) + 1 + -113 + 62 + 54
28
What is 1 + (-20 - (1 - 6) - -12) - 24?
-26
What is the value of 24 + -14 + (27 - 11)?
26
12 + (-13 - (-5 - (8 - 5)))
7
Calculate 8 + -3 + -2 - ((-23 - -11) + 11).
4
What is the value of (-1 - (8 + -15 + 7)) + (12 - 19)?
-8
-79 + 70 + 20 + -1
10
19 + -2 + -14 + 4 - -25
32
8 + -9 + (-17 - -1) + (6 - 4)
-15
Evaluate 394 + -363 + (-1 - 41).
-11
(0 + 2 - (-19 + 21)) + 2
2
What is (-10 - -5) + 4 + -2 - -2 - 3?
-4
What is the value of 1 - (0 + -6 - -12 - 22)?
17
Calculate 20 + (-44 - -18) + 20.
14
Evaluate 22 + 0 + 4 + (115 - 126).
15
(4 - 0) + -4 - (2 + -10)
8
Calculate (-11 - -2) + -28 + 35.
-2
What is the value of -5 + (-3 - -3 - -1) + -5 + -4?
-13
0 - (16 + -19 - (-15 + -1 + 4))
-9
What is 3 + 6 + (-6 - -30) + -6?
27
What is the value of 2 + (-11 - -11) + -11 - -2?
-7
-1 - (0 + -10 + -3 + 15)
-3
(-36 + 54 - 46) + -5
-33
What is the value of -15 + 20 - (16 - 13)?
2
Evaluate (-5 - (-5 + (-2 - (-4 - 1)))) + -6.
-9
What is the value of (-4 - -12 - 11) + (-4 - (5 + -5))?
-7
Evaluate -28 + 32 + -17 + (0 - 9).
-22
Evaluate -1 - (-27 - 7) - 16.
17
Evaluate -6 - -2 - (-12 - -2) - 4.
2
16 + -4 + -8 - (1 - -7)
-4
What is 23 - ((-33 - -14) + 21)?
21
What is 2 - (-1 + (14 + -7 - 13))?
9
Evaluate -29 - (-4 + 8 - 39).
6
Evaluate 9 - (7 - (1 + 3) - 5) - 49.
-38
Calculate 39 - (54 + -46 - (-3 + 3)).
31
Calculate 31 - 36 - (-14 + -5 + 7).
7
What is the value of (16 - (22 + 3)) + 5 + 0 - 23?
-27
Evaluate -5 + -1 + 1 + -6 + -2 - 4.
-17
Evaluate (0 - -9) + 21 - 16.
14
Calculate -11 + 35 + -27 + 2.
-1
Evaluate (-18 - -9) + 27 - (4 - 1).
15
What is -5 + -9 + 11 + (0 - 3) + 19?
13
153 + -158 + (2 - -16)
13
What is 7 + 13 + -13 + (-5 - (0 + -5))?
7
What is the value of -20 - ((-62 - -41) + -8)?
9
Calculate (-24 - -14) + (-1 - (1 + (4 - 12))).
-4
Evaluate 9 + (10 + 0 - 18 - -11) + -2.
10
-3 - (-22 + 12 - -2)
5
What is the value of 3 + (-6 + -5 + 3 - -10)?
5
What is 11 + -11 + -17 + 15?
-2
-12 + 2 + -15 + 11 + -3 + 13
-4
(-359 - -328) + (1 - -19)
-11
What is the value of -29 - (-29 + (24 - 21))?
-3
Calculate 16 + -15 + 14 + 5.
20
Evaluate -2 + -10 - (-220 - -233).
-25
What is 8 + 3 + -7 + 4?
8
Calculate 21 + -21 + -3 + 30.
27
Calculate -40 + 55 + (1 - 35).
-19
Evaluate -1 - (-7 - (4 - (8 + -5))).
7
What is 927 + -967 - (2 + -3 + -10)?
-29
Calculate -9 + (-36 + 44 - (2 - 2 - 1)).
0
3 + -6 - (-9 + -3) - 1
8
0 + -6 + 9 - (-6 + 14) - -1
-4
Calculate 5 + (2 - -8 - 0 - (-59 + 64)).
10
Evaluate (8 - -24 - -34) + -35.
31
What is -9 + (-1 + 19 - (79 + -85))?
15
Evaluate -7 - ((-5 - 5) + 0 + 7).
-4
What is the value of (3 - (-4 + (-2 - -7))) + (-8 - -19)?
13
13 + (35 + -1 - 43)
4
Evaluate (-43 - -41) + (-2 - 0) + -2.
-6
Calculate (-9 - -5) + -8 + 19 + 3.
10
Evaluate 17 + -8 + -4 + (2 - (-2 + 0)).
9
Calculate 13 + (2 +